{"id":474,"date":"2023-07-19T17:33:42","date_gmt":"2023-07-19T14:33:42","guid":{"rendered":"https:\/\/jack.ro\/kiv\/?post_type=product&#038;p=474"},"modified":"2023-07-19T17:39:11","modified_gmt":"2023-07-19T14:39:11","slug":"alana-crem-t08","status":"publish","type":"product","link":"https:\/\/jack.ro\/kiv\/?product=alana-crem-t08","title":{"rendered":"ALANA CREM T08"},"content":{"rendered":"<p>Perdea crem cu un model abstract ce const\u0103 \u00een forme specifice stilului de amenajare clasic.<\/p>\n<div>Repeti\u021bia modelului mic precum \u0219i bordura clasic\u0103 a perdelei, fac din Alana alegerea ideal\u0103 pentru completarea unui design de interior proiectat \u00een stilul clasic de amenajare.<\/div>\n","protected":false},"excerpt":{"rendered":"<p>Perdea crem cu un model abstract ce const\u0103 \u00een forme specifice stilului de amenajare clasic.<\/p>\n<div>Repeti\u021bia modelului mic precum \u0219i bordura clasic\u0103 a perdelei, fac din Alana alegerea ideal\u0103 pentru completarea unui design de interior proiectat \u00een stilul clasic de amenajare.<\/div>\n","protected":false},"featured_media":475,"comment_status":"open","ping_status":"closed","template":"","meta":[],"product_cat":[36],"product_tag":[],"class_list":{"0":"post-474","1":"product","2":"type-product","3":"status-publish","4":"has-post-thumbnail","6":"product_cat-perdele-voal","7":"pa_culoare-crem","9":"first","10":"instock","11":"taxable","12":"shipping-taxable","13":"purchasable","14":"product-type-simple"},"acf":[],"_links":{"self":[{"href":"https:\/\/jack.ro\/kiv\/index.php?rest_route=\/wp\/v2\/product\/474","targetHints":{"allow":["GET"]}}],"collection":[{"href":"https:\/\/jack.ro\/kiv\/index.php?rest_route=\/wp\/v2\/product"}],"about":[{"href":"https:\/\/jack.ro\/kiv\/index.php?rest_route=\/wp\/v2\/types\/product"}],"replies":[{"embeddable":true,"href":"https:\/\/jack.ro\/kiv\/index.php?rest_route=%2Fwp%2Fv2%2Fcomments&post=474"}],"wp:featuredmedia":[{"embeddable":true,"href":"https:\/\/jack.ro\/kiv\/index.php?rest_route=\/wp\/v2\/media\/475"}],"wp:attachment":[{"href":"https:\/\/jack.ro\/kiv\/index.php?rest_route=%2Fwp%2Fv2%2Fmedia&parent=474"}],"wp:term":[{"taxonomy":"product_cat","embeddable":true,"href":"https:\/\/jack.ro\/kiv\/index.php?rest_route=%2Fwp%2Fv2%2Fproduct_cat&post=474"},{"taxonomy":"product_tag","embeddable":true,"href":"https:\/\/jack.ro\/kiv\/index.php?rest_route=%2Fwp%2Fv2%2Fproduct_tag&post=474"}],"curies":[{"name":"wp","href":"https:\/\/api.w.org\/{rel}","templated":true}]}}